. Suppose -3*x = 4*l - 5*l - 1170, -5*x - 4*l + 1933 = j. What is the hundreds digit of x?
3
Suppose 190*f - 173*f - 94452 = 0. What is the tens digit of f?
5
Let t = 28 + -28. Suppose t = 3*d - 2 - 13, 2*d + 10 = 2*x. What is the tens digit of -57*(-114)/81 + x/(-45)?
8
Suppose 5*l - 71215 = -3*k + 6448, -3*k + 5*l + 77593 = 0. What is the hundreds digit of k?
8
Let j(w) = -38*w + 120. Let o(i) = -36*i + 119. Let y(n) = -4*j(n) + 5*o(n). What is the units digit of y(-18)?
9
Let l(h) = -6*h**3 + 3*h. Let f be l(3). Let t = f - -259. What is the tens digit of t?
0
Let o = -392 + 396. Suppose 2*q - 610 = 4*j, 4*q + o*j - 1445 + 201 = 0. What is the units digit of q?
9
Suppose 0 = -6*j - 125 + 827. Suppose -j = -y + 29. Suppose 2*b = -6, -3*r = -2*r + b - y. What is the units digit of r?
9
Let l(y) = 2*y**2 + 21*y + 205. Let x be l(-11). Let j = x - -171. What is the units digit of j?
7
Let z(t) = 4 + 8*t + 5*t**2 + 0 - 4*t**2 - 8 - t**3. Let r be z(3). Suppose 3*m + 2*m = -r*d + 179, -m + 27 = -4*d. What is the tens digit of m?
3
Let q(c) = 390*c + 1977. What is the tens digit of q(9)?
8
Let t = -3 + 6. Let r be (-5 + 3)/(-6) - 19/t. What is the units digit of r/(-21) - (-1164)/42?
8
Let a = -191 - -211. Suppose a*q = 2*q + 12924. What is the tens digit of q?
1
Suppose -7037*y + 7031*y + 96540 = 0. What is the units digit of y?
0
Suppose -h + 3 = 0, -3*i + h - 6*h = -183. What is the hundreds digit of (-6)/((-48)/i) + 387?
3
Let y(l) = -7*l - 39. Let s be y(-6). Suppose -2*a + 23 = -s*d, 0 = 5*a - 12 - 8. What is the units digit of ((-10)/(-4))/d*-216?
8
Let y be ((-60)/9)/((4/(-138))/(-1)). Let b = 243 + y. What is the units digit of b?
3
Let w(g) = -5001*g + 6641. What is the tens digit of w(-11)?
5
Let y be 4492/(-22) - 4/(-22). Suppose 0 = -8*p + 33 - 265. Let q = p - y. What is the tens digit of q?
7
Let w be (-1 - 2/(-1))*3. Let q(a) = 102*a + 30. What is the hundreds digit of q(w)?
3
Let q(l) = -40*l + 44. Let b be q(-14). Suppose -2*n = -0*n - 3*k - b, 5*n - 1493 = -k. What is the hundreds digit of n?
2
Suppose -2*j = 20 - 26. Suppose j*y + 5*i = 4*y - 190, -y - i + 190 = 0. What is the hundreds digit of y?
1
Let o be (4 + 8/(-12))*-9. Let v be -326*(6/(-30) - (-39)/o). Suppose 3*a + 400 = 4*h, 5*h - 4*a = -3*a + v. What is the units digit of h?
7
Suppose -31*l - 21*l = -0*l - 1684592. What is the units digit of l?
6
Let d(r) = -259*r - 1209. What is the thousands digit of d(-18)?
3
Let m = 85 - 88. Let u = m - 24. What is the units digit of ((-6)/(-4))/(u/(-1044))?
8
Let a = -97 + 93. What is the hundreds digit of -5 + (305 - a/4)?
3
Suppose 2*s = 2*p - s + 60, 5*p + s = -184. Let y = 45 + p. Suppose -6*h + y*h - 51 = 0. What is the units digit of h?
7
Let m(w) = 20*w**3 - 2*w**2 - w + 3. Let l(a) = a**2 - 25*a + 2. Let p be (-2)/4 - 1 - (-318)/12. Let o be l(p). What is the tens digit of m(o)?
5
Let s = 36 - -46. Suppose -2*f = -q - 167, -f + 4*q + s = -19. Let c = f - 55. What is the units digit of c?
6
Let c(d) = 2*d**3 - 17*d**2 - 30*d + 4. Let g be c(10). Suppose 2*w - 5*q = 493, -499 = -2*w - g*q + 7*q. What is the hundreds digit of w?
2
Suppose -246*b + f - 42403 = -251*b, -42388 = -5*b + 4*f. What is the thousands digit of b?
8
Let i(v) = -v**3 - 23*v**2 - 10*v + 146. What is the tens digit of i(-28)?
4
Suppose 31514 = 3*r - 4*f, 0 = -3*r + 30*f - 25*f + 31513. What is the units digit of r?
6
Let k(c) = 136*c**2 + 26*c - 70. What is the thousands digit of k(5)?
3
Let u = 37390 - -2969. What is the units digit of u?
9
What is the units digit of ((11128/(-5))/(-1))/((-260)/(-650))?
4
Suppose -4*z = -5*u - 137740, -6*z - 4*u - 137744 = -10*z. What is the tens digit of z?
4
Suppose -26128 = -2*b + 5*y + 1811, -41904 = -3*b + 3*y. What is the thousands digit of b?
3
Let i(o) = 99*o + 7. Let n be i(6). Suppose 0 = s + s + 5*a + n, 0 = 2*s - 5*a + 571. Let m = s + 421. What is the tens digit of m?
2
Suppose o - 1397 - 1037 = -w, 3*o + 4853 = 2*w. What is the hundreds digit of w?
4
Let q = -36 + 40. Let i = q + -4. Suppose i = o - 21 - 8. What is the tens digit of o?
2
Suppose 60*h = 14*h + 125534. What is the thousands digit of h?
2
Suppose -10 = 2*d - 2. Let u(v) = 3*v + 17. Let g be u(d). Suppose -2*o + 3*s = -180, 3*o + g*s + 180 = 5*o. What is the tens digit of o?
9
Suppose -t + 26241 = 3*p, -3*t + 11*p + 78671 = 7*p. What is the ten thousands digit of t?
2
Let s = -56 + 83. Let m(p) = s - 18 + 3*p**2 - 2 + 2*p. What is the tens digit of m(-7)?
4
Suppose -3*a - 4*f + 103365 = 0, 1157*f = -3*a + 1156*f + 103356. What is the thousands digit of a?
4
Suppose -5*l - 20*y + 78220 = -16*y, -5*l - 3*y = -78215. What is the hundreds digit of l?
6
Suppose -4*h + 3 = -4*p - 1, -4 = 2*p - 4*h. Suppose p = 4*x - 12, -4*o + 2*x + 27 = 7*x. Let u = o + 34. What is the tens digit of u?
3
Let h(x) = x**2 - 11*x + 2. Let n be h(11). Suppose -5*j + n*j - 261 = 0. Let c = 194 + j. What is the hundreds digit of c?
1
Let d = 1414 - -8087. What is the hundreds digit of d?
5
Suppose 4*v + 5*t - 101874 = 0, -401*t - 152772 = -6*v - 402*t. What is the thousands digit of v?
5
Let m be ((-8)/2)/(17/34). What is the tens digit of -2 - (2/8 - (-1674)/m)?
0
What is the units digit of (-181 - -183) + (0 - 0) + -1 + 35359?
0
Let k(c) be the second derivative of 15*c**4/4 - 3*c**2/2 - 2*c - 50. What is the tens digit of k(3)?
0
Suppose -366 = -5*h + q, 297 = -2*h + 6*h - 5*q. Suppose 13*t - p - 138 = 10*t, 4*p = 12. Let z = h + t. What is the tens digit of z?
2
Suppose 7*r - 6098 = 2666. Let q = 85 + r. What is the units digit of q?
7
What is the thousands digit of 160/60*6 + 16161?
6
Let w = -33 + 9. Let g be (8/w)/(3/(-108)). What is the units digit of ((-11)/(198/g))/(4/(-198))?
3
Let p(i) = i**3 - 17*i**2 + 10*i - 65. Let b be p(13). Let q = 1347 + b. What is the tens digit of q?
3
Let o be 3*((-5)/3 + 4). Suppose 3*y + o*y = 0. Suppose y = 2*n - 3*n + 46. What is the units digit of n?
6
Suppose 3*y - 2027 + 335 = 0. Let m(v) = v**3 - 20*v**2 + 38*v - 21. Let n be m(18). Suppose -y + 69 = -n*i. What is the tens digit of i?
3
Suppose 5*u = -0*u + 3*a + 34334, u - 6878 = -5*a. What is the tens digit of u?
6
What is the tens digit of 252603/13*((-5)/3 - -2)?
7
Suppose 2*h - 4*i = 1892, 2*i - 3927 - 2599 = -7*h. What is the hundreds digit of h?
9
Suppose -175*h - 161239 + 308131 = -331208. What is the thousands digit of h?
2
Let l(u) = 43*u**3 - 10*u**2 + 23*u - 65. What is the tens digit of l(6)?
0
Let j be (-97695)/225 + 1/5. Let p = j - -949. What is the tens digit of p?
1
Suppose -48*t + 811438 - 38110 = 0. What is the thousands digit of t?
6
What is the ten thousands digit of 4 - (-13705 + 15/(-5)) - 6?
1
Suppose -293358 + 91038 = -48*n. What is the thousands digit of n?
4
Let d = 9861 + -8280. What is the units digit of d?
1
Let n be -9 + 3 + (-1 - 0). Let y = n + 13. Let b(s) = 3*s**2 - 2*s + 9. What is the tens digit of b(y)?
0
Let i(c) = 70*c**2 + 467*c - 95. What is the ten thousands digit of i(-26)?
3
Let s(p) be the second derivative of p**5/20 - 5*p**4/12 - 2*p**3 + 21*p**2/2 + p. Let v be s(6). What is the tens digit of (-639)/v - 8/(-20)?
4
What is the units digit of 481/((-104)/8)*-659?
3
Let x = -21 - -25. Suppose 0 = -j + 5 - x. What is the tens digit of (-26 + 132)*(2*j)/2?
0
Suppose -72111 = -102*d - 17541. What is the units digit of d?
5
Suppose 109*g = 118*g - 27. Suppose t - 4*t - 40 = -5*c, 5 = 3*c + 2*t. Suppose v + 4*z - 42 = 0, g*v + 2*z - 156 = c*z. What is the tens digit of v?
5
Suppose 14 = 2*g + 8. Suppose -8 = -4*t, t + t = g*z - 14. Let a = 20 - z. What is the units digit of a?
4
Let r(u) = -65*u + 374. Let z be r(4). Let w(n) = 4*n + 1. Let m be w(1). Suppose -294 = -m*f - z. What is the tens digit of f?
3
Let z be -1 + 1 + (-63)/(-9). Suppose -2*h = -z + 3. What is the units digit of -5*34*h/(-5)?
8
Let s = -5820 - -44240. What is the units digit of s?
0
Let u(a) = 434*a + 8927. What is the hundreds digit of u(142)?
5
Suppose i - 136 = -i - 2*k, i = -5*k + 64. Suppose i*l = 55*l + 14392. What is the units digit of l?
8
What is the units digit of 1204/688 - (459903/(-12) - 0)?
7
Let j = -2793 + 7924. What is the units digit of j?
1
Let i be 54/3*(1 + (-20)/(-3)). Suppose 0*l + 3*l - 202 = -n, 2*l - n = i. What is the units dig